= a*b(z) + 3*x(z). Give p(-2).
5
Let c(j) = -j**2 + 4*j + 8. Let h(i) = i**2 + 5*i - 5. Let k(o) = 4*o**2 + 15*o - 14. Let y(b) = -7*h(b) + 2*k(b). Let q be y(0). What is c(q)?
-13
Let d(y) = -y**2 + y - 6. Let z(u) = -8*u**2 + 2*u - 20. Let c(k) = -5*d(k) + z(k). Determine c(2).
-8
Suppose -6*z = -2*z - 8. Let r = -65 + 68. Let f(h) = -29*h**3 + 3*h**2 - 4*h + 26*h**3 + h**2 + r - 1. Determine f(z).
-14
Let d(u) = u**3 + 6*u**2 + 6*u + 1. Let i(y) = -y**3 + 8*y**2 + 10*y - 6. Let s be i(9). Suppose -2*b + 3*b = -s. Let t = -1 + b. Give d(t).
9
Let z(y) = -6*y + 2. Let p = -11 - -18. Let j(k) = 13*k - 21. Let c(a) = -24*a + 40. Let x(f) = -6*c(f) - 11*j(f). Let h be x(p). Calculate z(h).
14
Let k be (0 - 1)/(2/4). Let i(h) = h**3 - h**2 + 2. Determine i(k).
-10
Let u(r) = -2*r**2 + 4*r. Suppose 3*x + 17 = 2*x. Let w be (0 - 0)/(15 + x). Suppose w = -n - 0*n + 4. Give u(n).
-16
Let u(l) = l. Let n(i) = -6*i - 1. Let j(w) = -n(w) - 5*u(w). Let m(x) = -7*x - 78. Let h be m(-11). Give j(h).
0
Let t(j) = -2*j**3 + 3*j**2 + 4*j - 7. Let o be (0 + 1)*-12*9/(-36). What is t(o)?
-22
Let j(r) = r**3 - 5*r**2 - 7*r - 2. Let m(x) = -x**2 - 9*x - 14. Let o be m(-4). Calculate j(o).
-8
Suppose d - y - 4 = y, -d = -3*y - 5. Suppose 5*n + 11 = 26. Let a(f) = 2*f**d - 8*f**2 + f**n - 7 + 5*f + 0*f**2. Give a(5).
-7
Suppose 24 = -4*n + 36. Let q(h) = h + h**n - 2*h**3 + h**2 + h**2 + 6 - h**2. Give q(0).
6
Let a(v) = v - 2. Let f be 9/(-12) + 415/20. Suppose -5*h = -0*h - f. Suppose 5*l = -h - 6. Calculate a(l).
-4
Suppose 4*d = 4*w + 8, 2*w = 3*w + 3*d - 14. Let r(b) = -b + 0 + 2 - 2*b. What is r(w)?
-4
Let g(a) be the first derivative of a**3/3 + 4*a**2 - a - 941. Suppose -2*p + 3*p = -8. What is g(p)?
-1
Let k(s) = -7 + 10 + 6 + 2*s. Suppose 0*u = -3*u + 18. Suppose 30 = -5*o - 4*y, -o + 3*y = 7*y + u. What is k(o)?
-3
Let t be (-1)/((-4)/80) + 3 + -7. Let n(p) = p**2 - 16*p - 3. What is n(t)?
-3
Suppose -87 = -5*g - 2. Let d = -14 + g. Let i(t) = t - 59 + d*t + 63. Calculate i(-3).
-8
Let y(t) be the second derivative of 11*t**3/6 + 3*t**2 + 8*t - 22. Calculate y(4).
50
Let o(s) = -s**2 - 8*s + 4. Let d be (-24)/(-20)*15/2. Let i be (0 + (-12)/10)/(d/60). Determine o(i).
4
Let a(o) be the third derivative of o**6/120 - 11*o**5/60 + o**4/24 + 2*o**3/3 - 2*o**2 - 90. Determine a(11).
15
Let d = 1 - -3. Let c(r) = 3 - r - d*r + r**2 - 2*r**2. Let y = -165 - -160. Calculate c(y).
3
Let b = 18 - 0. Let r = b - 18. Let z(c) = -c**2 + 3*c + 0*c**2 - 4*c + 8. Determine z(r).
8
Let o(a) = -9*a**3 + 18*a**2 + 13*a + 11. Let j(n) = -11*n**3 + 20*n**2 + 14*n + 13. Let g(b) = 5*j(b) - 6*o(b). What is g(-7)?
6
Let l(o) be the first derivative of o**5/120 + o**4/12 + 17*o**3/3 - 20. Let s(r) be the third derivative of l(r). Calculate s(-7).
-5
Let l(c) be the third derivative of c**5/60 + c**4/6 - c**3 - 544*c**2. Determine l(5).
39
Let m(f) be the second derivative of 0 + 1/6*f**3 + 1/2*f**2 - 1/20*f**5 + 1/12*f**4 - f. Suppose 3 - 9 = -3*g. Give m(g).
-1
Suppose -6 = 3*p, -3*m - 26 = -5*m + 4*p. Let k be 86/10 + m/(-15). Let o(c) = -c**2 + 6*c + 11. Let w be o(k). Let q(x) = -x**2 - 5*x + 5. Calculate q(w).
5
Let o = 64 - 58. Let k(c) = -c**3 + 6*c**2 - 2*c - 1. Give k(o).
-13
Let j(d) be the second derivative of 2/3*d**3 - 23*d + 0 - 1/20*d**5 - 1/12*d**4 + 3/2*d**2. Let t(a) = a**3 + 4*a**2 + 2*a + 6. Let l be t(-4). Determine j(l).
-1
Let s(g) = g**2 - 12*g + 17. Let z be s(1). Let f(p) be the first derivative of -p**2/2 + 6*p + 1. Give f(z).
0
Let x(s) = 3*s**2 + 5*s + 14. Let q(f) = -f**2 - 4. Let r(n) = -2*q(n) - x(n). What is r(-4)?
-2
Let w(x) = -3*x**2 + 5*x**2 + 2*x + 0 - 7*x**2 - 1 + 3*x**2. Give w(4).
-25
Suppose 9*a + 8 = -64. Let h(f) = 5*f**2 + 3*f - 2. Let p(k) = 11*k**2 + 5*k - 3. Let r(w) = -9*h(w) + 4*p(w). What is r(a)?
-2
Let u = 15397/6 - 2566. Let y(m) be the third derivative of 0 - u*m**3 - 6*m**2 + 0*m - 1/60*m**5 + 1/12*m**4. Determine y(2).
-1
Let t(r) = -2*r**2 - 4 + 0*r**2 + 0*r**2 + 5*r**2 - 54*r + 48*r. Determine t(-2).
20
Let q(o) = -2*o - 9. Let p be (-252)/84 + (-4)/(1 + 0). Calculate q(p).
5
Let f(u) = u**2 + 4*u + 3. Let r be ((15 - 3)/(-6))/((-1)/6). Suppose -45*x + r = -48*x. Determine f(x).
3
Let v = 1766 - 1762. Let c(j) = j - 12. Determine c(v).
-8
Suppose -y + 48 = 3*b, 3*b + 2*b - 80 = 4*y. Let z(f) = -5*f**2 + b*f**2 + 5*f - 4*f**2 - 8*f**2 + 6. Give z(7).
-8
Suppose -18 = 11*w + 37. Let c(b) = b + 3. Give c(w).
-2
Let x(k) = -3 - 138*k + 4 + 2 + 142*k. Give x(-3).
-9
Let s(m) be the second derivative of -m**4/12 + m**3/6 + 3*m**2/2 - 3*m. Suppose 376*a = 377*a + 3. Give s(a).
-9
Let o(p) be the first derivative of -p**4/4 + 5*p**3/3 + 2*p**2 + 10*p + 89. Determine o(6).
-2
Let b(x) = -26*x + 16. Let d(h) = -14*h + 9. Let n(z) = -4*b(z) + 7*d(z). Determine n(1).
5
Suppose 31*u - 24 = 32*u + 3*f, -3*u - f = 48. Let i(h) = -2*h - 10. Give i(u).
20
Let m(o) be the first derivative of -o**4/4 + o**3/3 + 3*o**2/2 - 15. Give m(3).
-9
Suppose 0 = -26*u + 18*u + 40. Let s(x) = 3*x**2 - x + 9. Let n(v) = v**2 + 5. Let b(j) = u*n(j) - 2*s(j). Determine b(6).
-17
Let i(t) = -3*t**2 - 3*t + 1. Suppose 0 = 3*a + 2*z + 1, a - z + 41 - 34 = 0. Give i(a).
-17
Suppose -11*u = -14*u - 6. Let b(m) = m**2 + 8*m + 4. Let r(h) = -5*h**2 - 41*h - 20. Let l(v) = u*r(v) - 11*b(v). Suppose -c = 3 + 3. Give l(c).
-4
Let l(k) = -2*k - 7. Let s(v) = -6*v - 163. Let d be s(-28). Calculate l(d).
-17
Suppose 5 = l - 3. Let i(w) = -7*w**3 + 2*w**2 - 5*w - 11. Let c(z) = 6*z**3 - 3*z**2 + 4*z + 9. Let u(f) = 6*c(f) + 5*i(f). Determine u(l).
-9
Let p(b) = -137*b - 548. Let h be p(-4). Let l(f) = f**2 - 6. Give l(h).
-6
Let x(a) = -9*a**2 + 5*a + 50. Let m(g) = 11*g**2 - 5*g - 59. Let o(t) = 6*m(t) + 7*x(t). What is o(3)?
38
Let a(r) be the third derivative of r**4/12 - 7*r**3/6 - 30*r**2. What is a(11)?
15
Let v = 9 - 6. Let d(r) = -8 + r - r + v*r. Give d(6).
10
Let u(q) = q**2 + 13*q - 11. Let r(d) = -d + 1. Let m(k) = 6*r(k) + u(k). What is m(-6)?
-11
Suppose 10*b + 6 = 13*b. Let o(d) be the second derivative of -d**5/20 + d**4/3 - d**3/2 - 2*d. Let g be o(b). Let w(h) = -5*h + 1. Give w(g).
-9
Let p(u) = -u**3 + 11*u**2 - 16*u - 14. Let h be p(9). Suppose 2*s - 2 = h. Let m(f) = f**3 - 2*f**2 - 3*f + 2. Give m(s).
2
Let v(b) = b + 5. Let d(w) = -w - 1. Let g(n) = -6*d(n) - 3*v(n). Let q(z) = 4*z - 10. Let f(c) = 5*g(c) - 4*q(c). Determine f(-5).
0
Let x(s) = 2*s**3 + 8*s**2 - 10*s + 3. Let b be x(-5). Let d(i) = i**2 + 4*i - 5. Let f be d(-5). Suppose -b*c - c = f. Let v(u) = u + 5. Determine v(c).
5
Suppose 170*f - 160*f = -10. Let l(k) = -26*k**2. Calculate l(f).
-26
Suppose 13*s = -21 - 70. Let t(k) = -k**2 - 7*k - 9. Give t(s).
-9
Let t(p) = 47 - 41 - 2*p + p. Let g(x) = -8*x**3 - 2*x**2 + 8*x + 10. Let m be g(-1). Calculate t(m).
-2
Let q(c) be the first derivative of -c**4/4 + 10*c**3/3 + 3*c**2/2 - 32*c + 166. Give q(10).
-2
Suppose -2*u - 24 = -2*y, -12 = -y - 3*y. Let b = -7 - u. Let i(p) = p**3 - p**2 - p + 2. Give i(b).
4
Let w(t) = -t**2 + 8*t + 27. Let q(v) = 63*v - 52. Let h be q(1). What is w(h)?
-6
Let d = 743 + -741. Let s(w) be the third derivative of 0*w - 1/6*w**3 + 8*w**d + 0 - 1/12*w**4. Give s(-6).
11
Let u(f) = -5*f**2 + 11*f**2 - 2 + 0 + 6*f**2. Let o(k) = 24*k**2 - 3. Suppose 0 = -g - 5*d, 4*g + 3*d = 2*d + 19. Let w(m) = g*u(m) - 3*o(m). What is w(1)?
-13
Let m(x) = 2*x - 3. Let p(d) = 3*d - 7. Let q(t) = -5*m(t) + 2*p(t). Let g(b) = 3*b - 1. Let u(r) = -5*g(r) - 4*q(r). Determine u(-3).
-2
Let g(i) = -i**2 + 5*i + 2. Let v(a) = a**2 - 4*a - 2. Let c(m) = 3*g(m) + 4*v(m). Let d be -5 + -9*(26/(-6) - -4). Give c(d).
4
Let m(o) = -3*o - 156 + 314 + 18*o**2 - o**3 - 13*o**2 - 159. Let u = -7 + 11. Give m(u).
3
Let r = 58 - 44. Let w(b) = b + b + 2*b - r - b**2 + 9. What is w(5)?
-10
Let x(b) = b**2 + 7*b - 9. Let j be x(-8). Let r = 89 + -81. Let d(h) = r*h - 112 + 112. Calculate d(j).
-8
Let h(q) = -2*q - 49. Suppose 22*c = 27*c + 105. Calculate h(c).
-7
Let w(s) = 7*s**2 - s + 2. Let h(g) = g**2 + g - 2. Let o(p) = p**2 + 2*p - 3. Let t(m) = -3*h(m) + 2*o(m). Let r(z) = -4*t(z) - w(z). What is r(-3)?
-20
Let s(w) = -113*w + 48*w + 63*w - 15. Give s(11).
-37
Let m(n) = -12*n**2 + 9*n. Let j(g) = 17*g**2 - 14*g. Let r(o) = -5*j(